r of k and j?
21
Let y be -23*(1 + -1 + -1). Let n = -76 + 71. Let x be 187 + n + (3 - 1). Calculate the greatest common factor of y and x.
23
Let q be (-3)/(-5) - (-274347)/405. Let k = q + -498. Suppose -18 = 4*t - 6, 0 = 3*o - 3*t - 117. What is the greatest common divisor of k and o?
36
Let k be (-4)/4*(-870)/(-10). Let q = k + 103. Calculate the highest common factor of 536 and q.
8
Let v be 3 + (-13060)/(-12) - (-1 - (-10)/30). Calculate the greatest common factor of 39 and v.
39
Let s(n) = 3231*n - 45232. Let q be s(14). Suppose -3 = w - 7. Suppose -r + w*r - 78 = 0. What is the highest common factor of r and q?
2
Let h(p) = p**3 - 24*p**2 + 169*p - 55. Let i be h(11). What is the highest common factor of 1518 and i?
33
Suppose -2*y - r + 561 = 0, 4*y - 3*r - 1370 + 253 = 0. Calculate the highest common divisor of y and 400.
40
Let d = -971 + 687. Let s = d + 492. Calculate the highest common divisor of s and 39.
13
Let t(a) = a**2 - 2*a + 4. Let g be t(2). Suppose 28 - 208 = -g*i. Let d = 66 - i. What is the greatest common factor of 35 and d?
7
Let d = 20 - -44. Suppose -5*k + 62*i - d*i + 69 = 0, 3*i + 7 = k. What is the highest common divisor of 169 and k?
13
Suppose -3*g = 139 - 169. Suppose -540 = -g*b + 6*b. Suppose -c = -14 - 13. What is the greatest common divisor of b and c?
27
Let j = -6 - -1. Let p(l) = -4*l + 22. Let a(c) = -11*c + 42. Let m(z) = -2*a(z) + 5*p(z). Let i be m(j). Calculate the greatest common factor of i and 128.
16
Let k(f) = 7*f**2 + 35*f - 56. Let p be (360/225)/((-1)/5). Let q be k(p). Calculate the greatest common factor of q and 56.
56
Suppose -9*i + 11*i + 60 = 0. Let l = -31 - i. Let h be 242/55*(1 - (l - 3)). Calculate the greatest common factor of 44 and h.
22
Let c(b) = b**2 - 17*b + 102. Let p be c(19). Calculate the highest common factor of p and 2320.
20
Let c = -341 + 333. Let t be ((-56)/(-20))/(c/(-140)). What is the highest common divisor of 1 and t?
1
Suppose -o + 10 + 10 = 0. Let r(m) = m**3 + m**2 + m + 4. Let t = -55 - -55. Let d be r(t). Calculate the greatest common divisor of o and d.
4
Let p(l) = 2179*l**3 - 3*l**2 - 2*l + 4. Let a be p(1). What is the greatest common divisor of a and 1386?
198
Let w be (-6 + 16/4)/1. Let d(a) = 37*a**2 + a + 1. Let g be d(w). Calculate the highest common divisor of 98 and g.
49
Let t be 6*(-3 + (-28)/(-8))*2. Suppose 0 = -4*y - 40 - 44. Let g be (-429)/y + -2 - 6/14. What is the highest common factor of t and g?
6
Suppose -32*w + 4037 = 91*w - 1129. Calculate the highest common divisor of w and 4347.
21
Suppose 25*a = 4*t + 21*a - 1296, 0 = -5*t + 2*a + 1608. Calculate the highest common divisor of 760 and t.
40
Suppose -t - 8*t = -90. Suppose 5*o = -d + 289, -7*o + 1389 = 5*d - t*o. Calculate the greatest common factor of d and 18.
9
Suppose -117 = -5*g + 3*q, -73*g + 71*g - 2*q = -34. What is the greatest common divisor of 399 and g?
21
Let i(r) = 1061*r**2 + 12*r - 20. Let u be i(1). Calculate the greatest common divisor of 78 and u.
39
Let d be (3/2)/(9/12). Let u be ((-1)/3)/((-48)/32880)*3. Let r = u - 682. What is the highest common divisor of r and d?
1
Suppose 3*l = -2*t - 0*l + 299, -t - l + 150 = 0. Let s = 259 - t. Calculate the greatest common factor of 36 and s.
36
Let x = -98 - -94. Let z(c) = 10*c + 51. Let v be z(x). What is the greatest common factor of v and 33?
11
Let f = 2189 - 833. What is the highest common divisor of f and 12?
12
Let t = 1129 - 689. Suppose 310*m = 308*m + t. Calculate the greatest common divisor of m and 20.
20
Suppose -n = 4*y - 60, 5*y - 4*n = -0*n + 54. Let x be (12/(-36))/((-1)/(0 + 21)). What is the highest common divisor of y and x?
7
Let v = 51 + -50. Let k be (-9 + 11)*(v - -18). Let m = -115 - -172. What is the greatest common divisor of k and m?
19
Suppose 2*r - 32 - 40 = 0. Suppose 0 = 5*c + 20*q - 16*q - 1456, 2*c + 3*q = 588. Calculate the highest common factor of c and r.
36
Let u be 1286/11574 - 19394*2/(-18). What is the highest common divisor of u and 10?
5
Let s be 8/20 - (-16)/10. Let i = -1226 - -1228. Suppose s*w = 2, -i + 0 = -y - w. What is the highest common divisor of 8 and y?
1
Let k be (-105)/2*4*195/(-78). Calculate the greatest common divisor of k and 3225.
75
Let b be 6/(-10) + 23/5 - 3. Let j be ((-2816)/(-96))/(b/6). What is the greatest common divisor of j and 11?
11
Let w(h) = 289*h - 119. Let z be w(6). What is the greatest common divisor of 1445 and z?
85
Let s = 303 - 258. Suppose 6*n = 4*n. Let x be 50/5 + (-1 - n). Calculate the highest common divisor of s and x.
9
Let y be (-1944)/(-45)*30/9. What is the greatest common divisor of y and 792?
72
Let u be (-1 - 0) + (5592 - (-38 - -15)). Calculate the highest common factor of 28 and u.
14
Suppose -a - 3 = 0, -s - 6*a + 6 = -a. Suppose -m = 2*f + 3, -2*m = -0*m - f - 9. Suppose 0*u = m*u - 9. What is the highest common divisor of u and s?
3
Let x = -4177 - -4185. What is the greatest common divisor of x and 4808?
8
Let p(t) = t + 2. Let r be p(13). Suppose 3*a - 21 = -r. Let w be (-31 - -35) + 118 + a + -1. What is the greatest common divisor of 82 and w?
41
Let h be 44*(-1 + (-11)/(-4)). Suppose 110*m = -4*v + 112*m + 350, -3*m = 2*v - 179. What is the highest common factor of v and h?
11
Let n = 7088 + -5832. What is the greatest common factor of n and 16?
8
Suppose 12*k - 15*k + 339 = 0. Let v = k - 233. Let a be (-16)/v - 444/(-45). Calculate the highest common factor of 2 and a.
2
Suppose -10766*f + 80 = -10761*f. Let s = 67 + -39. Calculate the greatest common divisor of s and f.
4
Let x = -5882 - -6782. What is the highest common factor of x and 72?
36
Let k be -2*(-2)/(-8)*-40. Let j(b) = -b**3 + 18*b**2 + 46*b - 15. Let s be j(20). Suppose 39*r - 51 = s. Calculate the greatest common factor of k and r.
4
Suppose 4952 = 2*x + 5*y, y = -x - 2*x + 7454. What is the greatest common factor of 110 and x?
22
Suppose 6230 = 12*c + 254. What is the greatest common divisor of 2075 and c?
83
Let v be (-1 - 3/9)/(2/(-21)). Let a(c) = -c**2 + 4*c + 7. Let s be a(5). Suppose j = -s*j + 105. What is the highest common factor of j and v?
7
Suppose -83*i - 40490 = -110791. What is the greatest common divisor of i and 154?
77
Let t(c) = -16*c**2 + 196*c - 18. Let z be t(9). Let o be -15*(3 - 57/9). Calculate the highest common factor of o and z.
50
Let h be 3740/40 - (-1)/(-2). Let g = -42 + h. Calculate the highest common factor of 68 and g.
17
Let z be (96/16 - 30)*6/(-16). Calculate the greatest common divisor of 138 and z.
3
Let m be 2/(-15) - 1748/(-285). Let z be ((-1)/(-2))/(-3*m/(-144)). What is the highest common factor of 88 and z?
4
Let r(z) = -2*z**2 - 9*z + 155. Let h be r(-11). Calculate the highest common divisor of h and 5844.
12
Let b(m) = -5*m**3 - 3*m**2 - 2. Suppose -9*a - 35 = -8. Let d be b(a). What is the highest common factor of 2 and d?
2
Let i be 85 + (182/(-14) - -13) + 11. Let j(z) = 12*z**2 + 5*z - 3. Let o be j(3). What is the greatest common factor of i and o?
24
Let r(s) = 67*s + 407. Let g be r(5). What is the greatest common divisor of 448 and g?
14
Let v be (1/(-5)*164)/(-3 - 387/(-135)). Calculate the highest common factor of v and 6232.
82
Let m(o) = 516*o**2 + 48*o + 69. Let h be m(-2). Calculate the greatest common divisor of h and 21.
21
Let k(c) = -c**3 - 153*c**2 - 897*c - 435. Let j be k(-147). Calculate the greatest common factor of j and 150.
30
Let h(u) = u**3 + 10*u**2 + 5*u + 54. Let f be h(-10). Suppose -f*g - 3*d + 130 = g, g - d = 26. What is the greatest common divisor of g and 143?
13
Suppose -2*i + 152 = 5*q, 4*i - 11 = -4*q + 305. Calculate the highest common divisor of 1188 and i.
27
Suppose -10*w - 6*w + 45 = -7*w. Calculate the highest common divisor of 955 and w.
5
Suppose -3*l - 1456 = l. Let q = 468 + l. Calculate the greatest common divisor of q and 39.
13
Let b(r) be the third derivative of r**6/40 + 23*r**5/60 + r**4/12 - r**3/2 + 229*r**2. Let l be b(-7). Calculate the greatest common factor of l and 45.
9
Suppose 4 = 2*m - 480. Let c(l) = 51*l**3 + l**2 + 2*l. Let w be c(-1). Let y = w - -74. What is the highest common factor of y and m?
22
Suppose r = -g + 295, -218 = 2*g - r - 820. Let m be 7 + g + (3 - 4). Calculate the highest common divisor of m and 122.
